 Suppose 3*k - h = -k. What is the hundreds digit of k?
3
Suppose 5*t + 2*v = 2792, -2*v = 2*t + 470 - 1588. Let f be t/21 + (-6)/(-14). What is the tens digit of 246 + (-9)/(f/(-12)) - -1?
5
Let a be (25/(-15) - -1)/((-4)/(-30)). What is the tens digit of 52/(a/(-720)*9)?
3
Suppose 0 = 2*w - 2*x - 13122, -2*w - 1594 = -x - 14720. What is the thousands digit of w?
6
Suppose -2*a + 6*a - 5*i + 7 = 0, 0 = -5*a + 2*i + 4. Suppose 2*w + 3*w - 2696 = -g, a*w - 1077 = g. What is the tens digit of w?
3
Suppose 0 = 6*r - 3*r - 12. Suppose y + j + 23 = 0, 0 = r*y + 5*j + 75 + 14. Let g = 65 - y. What is the tens digit of g?
9
Let x be 243/(9*4/(-24)). What is the hundreds digit of (-22065)/(-25) - (6 + x/30)?
8
Let r = 182168 + -116242. What is the tens digit of r?
2
Let s(v) = v**3 - 8*v**2 - 9*v + 10. Let r be s(9). Suppose 14*l + 2*l = -80. What is the units digit of -5*(r/l)/2?
5
Suppose 0 = 147*n - 3744324 - 761079. What is the thousands digit of n?
0
Let x = -443 - -443. Suppose x = -3*a - 10*a + 14872. What is the units digit of a?
4
What is the tens digit of 216/378 + ((-1865108)/(-49) - 5)?
5
Suppose 3*g = 2*o - 12, -5*g - 20 = o - 0*g. Suppose 176 = -4*h - o. What is the units digit of 2/1 - (h + -5)?
1
Let n be 87*1 - (-1)/1. Let z(b) = -38*b - 998. Let w be z(-27). Suppose -2*m + n = w. What is the units digit of m?
0
Suppose 2*r = -5*r + 112. What is the tens digit of 2 - r/(-6)*(-24)/(-8)?
1
Let t(a) = a**3 + 7*a**2 + 3. Let p be t(-7). Suppose -p*q + 17 = 3*v - v, -4*q + 22 = 2*v. What is the tens digit of -30*v*312/(-72)?
3
Let t(c) = 7*c + 10. Let x(k) = k - 1. Let y(q) = -t(q) + 5*x(q). Let b be y(-10). Suppose 3*w - 420 = -s, -3*w + 402 = -0*s - b*s. What is the tens digit of w?
3
Suppose 0 = 3*y - 260 + 14. Let k = 82 - y. Suppose -v + 5*v - 396 = k. What is the tens digit of v?
9
Suppose -10*i - 4*i = -181587 + 64827. What is the units digit of i?
0
Let l(r) = 26*r**2 + 189*r + 79. Let n be l(-7). Suppose -2*w = -w - 3. Suppose -n = -w*p + 804. What is the tens digit of p?
7
Suppose -35*x + 1935 = -40*x. Let g = 0 - x. What is the tens digit of g?
8
Suppose 91*d - 92*d + 9911 = -3*q, -32 = -4*q. What is the tens digit of d?
3
Suppose -186150 = -3*j - 5*b + 8*b, -j = 9*b - 62060. What is the thousands digit of j?
2
Suppose -5*p + n + 495 = 0, -n = 3*p + 3*n - 320. Let g = 389 - p. What is the tens digit of g?
8
Let c(s) = 8*s - 3. Let r be c(2). Let z(m) = 60*m + 364. Let f be z(-6). Suppose f*d = -9 + r. What is the units digit of d?
1
Let t = -14329 - -26893. What is the hundreds digit of t?
5
Let f(h) = h**3 + 13*h**2 + 8*h - 12. Suppose -2*q + q = -4. Suppose -2*i = y - 2*y - 18, 0 = -q*y - 3*i - 28. What is the hundreds digit of f(y)?
2
Let g(o) = 1072*o**2 - 118*o - 460. What is the units digit of g(-4)?
4
Let d be (-104)/28 + 6/(-21). Suppose 99 - 27 = 4*o. Let f = d + o. What is the units digit of f?
4
Suppose 5*h = -2*u + 1146 + 2841, 5946 = 3*u - 4*h. Suppose 0 = -3*p + 282 + u. What is the units digit of p?
6
Let j(i) = -i**2 - 8*i - 12. Let h be j(-5). Suppose -5*k + h*x + 482 = -341, 4*k + 4*x - 652 = 0. What is the hundreds digit of k?
1
Suppose q + 3*p + 11 = 0, -3*q - p + 7 = -0. Suppose 0 = -5*b - i + 3612, -13 + 5 = -q*i. What is the hundreds digit of b?
7
Suppose 22*h = 27*h + 4*j + 4959, 0 = 2*h + 3*j + 1985. Let y = -476 - h. What is the tens digit of y?
1
Suppose -2*c = -5*n - 1310, n + 5*c + 289 = -0*n. What is the hundreds digit of (-2)/(-6) + (-54560)/n?
2
Let s = -4767 + 8602. What is the units digit of s?
5
What is the thousands digit of 369/(-1230) - 449786/(-20)?
2
Suppose -5*p = -3*h - 17979 - 6398, 3*h = 3*p - 14619. What is the hundreds digit of p?
8
Let r(h) = 7*h**2 + 39*h + 665. What is the thousands digit of r(-24)?
3
Let a(n) = -n**2 - 738*n + 264. What is the units digit of a(-66)?
6
Let k be (3/(-2))/(99/(-111342)). Suppose -k = -8*m + 897. What is the tens digit of m?
2
Suppose 2*r + 4*z - 13440 = 0, -38236 + 4691 = -5*r + z. What is the units digit of r?
0
Let b be (4 - 798885/(-25)) + 6/10. Suppose 0 = 21*p - 55*p + b. What is the hundreds digit of p?
9
Let a be 8*(3 - 25/(-10)). Let f = 49 - a. Suppose -t + 13 = 3*u, 4*u + 5 = -f*t + 4. What is the units digit of u?
6
Suppose 3*r + 6*r = 207. Suppose 0 = 6*i - 853 - r. What is the hundreds digit of i?
1
Let q(l) = 2*l**2 + l - 6. Let d be q(0). What is the thousands digit of 8*(42/d - -135)?
1
Suppose 0 = 11*i - 701 - 8253. What is the units digit of i/(4 - 2) + -2?
5
Let v = -6 + 4. Let u = 2 + v. Suppose u*k + 3*k = 48. What is the tens digit of k?
1
Let o(x) be the third derivative of x**6/120 + x**4/24 - 21*x**3/2 + 16*x**2. Let a be o(0). Let n = a - -128. What is the units digit of n?
5
Suppose 3*j - 40725 - 83547 = 4*x, 4*j + x - 165753 = 0. What is the units digit of j?
6
What is the hundreds digit of 0/(-3 - 1) - (-6)/4*404?
6
Let w be 1 - (17 - -3) - 2. Let s = w + 6. Let a(f) = -f**3 - 14*f**2 + 16*f + 18. What is the units digit of a(s)?
3
Let o = -12 + -15. Let g = o + 41. Suppose -15*m + g*m = -34. What is the tens digit of m?
3
Suppose 258*g + 8 = 260*g. Let z(t) = 8*t**2 - 4*t + 3. Let k(b) = -b**2 + b + 1. Let c(x) = 2*k(x) + z(x). What is the tens digit of c(g)?
9
Let u = 27634 - -9672. What is the units digit of u?
6
Suppose 5*z = g + 1497, -5*g = z + z - 588. Suppose 121*k - 137*k = 2848. Let i = k + z. What is the units digit of i?
1
Let x = 109 + -60. Suppose -19*n - 10062 = -6*n. What is the tens digit of (-14)/x + n/(-14)?
5
Let y(l) be the first derivative of 8*l**3 - 5*l**2/2 - 20*l + 27. Let g(d) be the first derivative of y(d). What is the units digit of g(2)?
1
Suppose -28*f + w = -29*f + 14186, -2*w - 14201 = -f. What is the units digit of f?
1
Suppose -5*a - z + 242 = -5*z, 3*a = -4*z + 126. Let s = -39 + a. Suppose -2*c + s*c - 145 = 0. What is the tens digit of c?
2
Suppose 5*y + 5*t - 2055 = y, -4*t = -3*y + 1518. What is the hundreds digit of (18/15)/(((-15)/(-5))/y)?
2
Suppose 121 = 7*p + 23. Suppose -5*f - p = -174. What is the tens digit of f?
3
Let z = 25654 - 8126. What is the ten thousands digit of z?
1
Let y(p) = p**2 - 21*p - 280. Let j be y(29). What is the tens digit of (j/15)/((-1)/100)?
2
Let n(b) = 29*b - 7. Let s(c) be the first derivative of -19*c**2/2 + 5*c + 6. Let r(d) = -5*n(d) - 8*s(d). What is the units digit of r(13)?
6
Suppose 5*o + 15498 = -5*i + 2*o, 0 = -5*o + 20. Let f be 5/2*i/(-55). Let u = f - 60. What is the tens digit of u?
8
Suppose -12*f + 318982 = -270314. What is the units digit of f?
8
Suppose 5*f + 224 + 2 = -n, -f - 3 = 0. Let s = 317 - n. What is the tens digit of s?
2
Let l(f) = -1659*f - 705. What is the units digit of l(-7)?
8
Let o = 45438 - 28245. What is the units digit of o?
3
What is the units digit of (-1 - -3)/((-1)/(-4)*20/16970)?
8
Let p be ((-8664)/(-10))/(2/10) + 3. Let m = p - 2997. Suppose 9*s = m - 78. What is the tens digit of s?
4
Suppose 3 = -2*z + y, -6*z + 4*z + 5*y + 1 = 0. Let p be -1 + (-14 + -2 - z). What is the hundreds digit of ((-122)/6 - -1)/2*p?
1
Suppose -768*j = -762*j - 846. What is the hundreds digit of j?
1
Suppose 2*b = 8, -5*u - 4*b - 27904 = -118435. What is the thousands digit of u?
8
Let w(h) = h - 19. Let r be w(24). Suppose 0 = -5*i, 0 = r*d - 6*i + i - 1420. What is the tens digit of d?
8
Let b = -31 - -31. Suppose b = -3*p - n + 4, 4*p + 7 = 4*n - 9. Suppose -a = -p - 84. What is the units digit of a?
4
Let m(y) = -y**2 + 1606. What is the tens digit of m(33)?
1
Let z(u) = 12*u**2 - 8*u + 23. Let m be z(14). Suppose 2*g - x = m, -4530 = 3*g - 7*g - 2*x. What is the thousands digit of g?
1
Suppose w + 2*m - 816 = 0, 4*w = -4*m + 1139 + 2125. What is the units digit of w?
6
Let c = 91 + -4. Let i = c + -87. Suppose i = -5*k + 596 + 429. What is the tens digit of k?
0
Let k = -5 + 0. Let r(d) = -d**3 + d**2 - 1. Let c be r(k). Suppose 3*o = -26 + c. What is the tens digit of o?
4
Suppose -2070 = o + f, 931 - 5080 = 2*o - f. Let v = 2984 + o. What is the tens digit of v?
1
Let s(y) = -2*y**3 + 14*y - 3. Suppose 4*u - 536 = 4*n - 40, 2 = -u. Let d = n + 122. What is the units digit of s(d)?
9
Let h be 8 + (-22)/11 + 1*-2. Suppose h*y = -i + 367, -2*i - 5*y + 347 = -378. What is the hundreds digit of i?
3
Suppose -3*u - 4*a